{"id":2289,"date":"2025-08-26T16:43:52","date_gmt":"2025-08-26T14:43:52","guid":{"rendered":"https:\/\/darwie.com\/?page_id=2289"},"modified":"2025-09-23T12:14:56","modified_gmt":"2025-09-23T10:14:56","slug":"contact-darwie","status":"publish","type":"page","link":"https:\/\/darwie.com\/index.php\/contact-darwie\/","title":{"rendered":"contact"},"content":{"rendered":"\t\t<div data-elementor-type=\"wp-page\" data-elementor-id=\"2289\" class=\"elementor elementor-2289\">\n\t\t\t\t<div class=\"elementor-element elementor-element-aedc778 e-flex e-con-boxed e-con e-parent\" data-id=\"aedc778\" data-element_type=\"container\" data-e-type=\"container\" data-settings=\"{&quot;background_background&quot;:&quot;gradient&quot;}\">\n\t\t\t\t\t<div class=\"e-con-inner\">\n\t\t\t\t<div class=\"elementor-element elementor-element-7b0b39f elementor-widget elementor-widget-heading\" data-id=\"7b0b39f\" data-element_type=\"widget\" data-e-type=\"widget\" data-widget_type=\"heading.default\">\n\t\t\t\t<div class=\"elementor-widget-container\">\n\t\t\t\t\t<h2 class=\"elementor-heading-title elementor-size-default\">Parlons de votre projet et faisons-le avancer<\/h2>\t\t\t\t<\/div>\n\t\t\t\t<\/div>\n\t\t\t\t<div class=\"elementor-element elementor-element-bfa2ddf elementor-widget elementor-widget-text-editor\" data-id=\"bfa2ddf\" data-element_type=\"widget\" data-e-type=\"widget\" data-widget_type=\"text-editor.default\">\n\t\t\t\t<div class=\"elementor-widget-container\">\n\t\t\t\t\t\t\t\t\t<p>Dites-nous en un peu plus sur vous et vos besoins. Nous vous r\u00e9pondrons sous 24h avec des conseils personnalis\u00e9s et des premi\u00e8res pistes d\u2019action adapt\u00e9es \u00e0 votre situation.\u00a0<\/p><p>\u00a0<\/p><p>\u2709\ufe0f contact@darwie.com<\/p>\t\t\t\t\t\t\t\t<\/div>\n\t\t\t\t<\/div>\n\t\t\t\t<div class=\"elementor-element elementor-element-ce1ce8e elementor-widget elementor-widget-wpforms\" data-id=\"ce1ce8e\" data-element_type=\"widget\" data-e-type=\"widget\" data-widget_type=\"wpforms.default\">\n\t\t\t\t<div class=\"elementor-widget-container\">\n\t\t\t\t\t<style id=\"wpforms-css-vars-elementor-widget-ce1ce8e\">\n\t\t\t\t.elementor-widget-wpforms.elementor-element-ce1ce8e {\n\t\t\t\t--wpforms-field-text-color: #1D1D1D;\n--wpforms-label-color: #FFFFFF;\n--wpforms-button-background-color: #C2B8FF;\n--wpforms-button-text-color: #2D315D;\n--wpforms-button-size-font-size: 14px;\n--wpforms-button-size-height: 37px;\n--wpforms-button-size-padding-h: 15px;\n--wpforms-button-size-margin-top: 5px;\n\t\t\t}\n\t\t\t<\/style><div class=\"wpforms-container wpforms-container-full wpforms-render-modern\" id=\"wpforms-2044\"><form id=\"wpforms-form-2044\" class=\"wpforms-validate wpforms-form wpforms-ajax-form\" data-formid=\"2044\" method=\"post\" enctype=\"multipart\/form-data\" action=\"\/index.php\/wp-json\/wp\/v2\/pages\/2289\" data-token=\"cdd152a79fc0ee23051feb333ab4d803\" data-token-time=\"1777298150\"><noscript class=\"wpforms-error-noscript\">Veuillez activer JavaScript dans votre navigateur pour remplir ce formulaire.<\/noscript><div id=\"wpforms-error-noscript\" style=\"display: none;\">Veuillez activer JavaScript dans votre navigateur pour remplir ce formulaire.<\/div><div class=\"wpforms-field-container\">\t\t<div id=\"wpforms-2044-field_2-container\"\n\t\t\tclass=\"wpforms-field wpforms-field-text\"\n\t\t\tdata-field-type=\"text\"\n\t\t\tdata-field-id=\"2\"\n\t\t\t>\n\t\t\t<label class=\"wpforms-field-label\" for=\"wpforms-2044-field_2\" >professionnel Message besoin<\/label>\n\t\t\t<input type=\"text\" id=\"wpforms-2044-field_2\" class=\"wpforms-field-medium\" name=\"wpforms[fields][2]\" >\n\t\t<\/div>\n\t\t<div id=\"wpforms-2044-field_6-container\" class=\"wpforms-field wpforms-field-name\" data-field-id=\"6\"><fieldset><legend class=\"wpforms-field-label\">Pr\u00e9nom nom  <span class=\"wpforms-required-label\" aria-hidden=\"true\">*<\/span><\/legend><div class=\"wpforms-field-row wpforms-field-medium\"><div class=\"wpforms-field-row-block wpforms-first wpforms-one-half\"><input type=\"text\" id=\"wpforms-2044-field_6\" class=\"wpforms-field-name-first wpforms-field-required\" name=\"wpforms[fields][6][first]\" placeholder=\"Pr\u00e9nom\" aria-errormessage=\"wpforms-2044-field_6-error\" required><label for=\"wpforms-2044-field_6\" class=\"wpforms-field-sublabel after wpforms-sublabel-hide\">Pr\u00e9nom<\/label><\/div><div class=\"wpforms-field-row-block wpforms-one-half\"><input type=\"text\" id=\"wpforms-2044-field_6-last\" class=\"wpforms-field-name-last wpforms-field-required\" name=\"wpforms[fields][6][last]\" placeholder=\"Nom\" aria-errormessage=\"wpforms-2044-field_6-last-error\" required><label for=\"wpforms-2044-field_6-last\" class=\"wpforms-field-sublabel after wpforms-sublabel-hide\">Nom<\/label><\/div><\/div><\/fieldset><\/div><div id=\"wpforms-2044-field_7-container\" class=\"wpforms-field wpforms-field-text\" data-field-id=\"7\"><label class=\"wpforms-field-label\" for=\"wpforms-2044-field_7\">Entreprise<\/label><input type=\"text\" id=\"wpforms-2044-field_7\" class=\"wpforms-field-medium\" name=\"wpforms[fields][7]\" placeholder=\"Entreprise\" aria-errormessage=\"wpforms-2044-field_7-error\" ><\/div><div id=\"wpforms-2044-field_8-container\" class=\"wpforms-field wpforms-field-text\" data-field-id=\"8\"><label class=\"wpforms-field-label\" for=\"wpforms-2044-field_8\">T\u00e9l\u00e9phone<\/label><input type=\"text\" id=\"wpforms-2044-field_8\" class=\"wpforms-field-medium\" name=\"wpforms[fields][8]\" placeholder=\"06 ** ** ** **\" aria-errormessage=\"wpforms-2044-field_8-error\" ><\/div><div id=\"wpforms-2044-field_1-container\" class=\"wpforms-field wpforms-field-email\" data-field-id=\"1\"><label class=\"wpforms-field-label\" for=\"wpforms-2044-field_1\">Email professionnel <span class=\"wpforms-required-label\" aria-hidden=\"true\">*<\/span><\/label><input type=\"email\" id=\"wpforms-2044-field_1\" class=\"wpforms-field-medium wpforms-field-required\" name=\"wpforms[fields][1]\" placeholder=\"Email professionnel\" spellcheck=\"false\" aria-errormessage=\"wpforms-2044-field_1-error\" required><\/div><div id=\"wpforms-2044-field_9-container\" class=\"wpforms-field wpforms-field-select wpforms-field-select-style-classic\" data-field-id=\"9\"><label class=\"wpforms-field-label\" for=\"wpforms-2044-field_9\">Votre besoin principal <span class=\"wpforms-required-label\" aria-hidden=\"true\">*<\/span><\/label><select id=\"wpforms-2044-field_9\" class=\"wpforms-field-medium wpforms-field-required\" name=\"wpforms[fields][9]\" required=\"required\"><option value=\"D\u00e9couvrir nos solutions et services\"  class=\"choice-4 depth-1\"  >D\u00e9couvrir nos solutions et services<\/option><option value=\"Demander un audit \/ diagnostic\"  class=\"choice-1 depth-1\"  >Demander un audit \/ diagnostic<\/option><option value=\"Parler \u00e0 un expert Darwie\"  class=\"choice-2 depth-1\"  >Parler \u00e0 un expert Darwie<\/option><option value=\"Obtenir une proposition commerciale\"  class=\"choice-3 depth-1\"  >Obtenir une proposition commerciale<\/option><option value=\"Accompagnement sur un projet sp\u00e9cifique\"  class=\"choice-5 depth-1\"  >Accompagnement sur un projet sp\u00e9cifique<\/option><\/select><\/div><div id=\"wpforms-2044-field_5-container\" class=\"wpforms-field wpforms-field-textarea\" data-field-id=\"5\"><label class=\"wpforms-field-label\" for=\"wpforms-2044-field_5\">Message libre<\/label><textarea id=\"wpforms-2044-field_5\" class=\"wpforms-field-medium\" name=\"wpforms[fields][5]\" placeholder=\"D\u00e9crivez votre besoin\" aria-errormessage=\"wpforms-2044-field_5-error\" ><\/textarea><\/div><script>\n\t\t\t\t( function() {\n\t\t\t\t\tconst style = document.createElement( 'style' );\n\t\t\t\t\tstyle.appendChild( document.createTextNode( '#wpforms-2044-field_2-container { position: absolute !important; overflow: hidden !important; display: inline !important; height: 1px !important; width: 1px !important; z-index: -1000 !important; padding: 0 !important; } #wpforms-2044-field_2-container input { visibility: hidden; } #wpforms-conversational-form-page #wpforms-2044-field_2-container label { counter-increment: none; }' ) );\n\t\t\t\t\tdocument.head.appendChild( style );\n\t\t\t\t\tdocument.currentScript?.remove();\n\t\t\t\t} )();\n\t\t\t<\/script><\/div><!-- .wpforms-field-container --><div class=\"wpforms-submit-container\" ><input type=\"hidden\" name=\"wpforms[id]\" value=\"2044\"><input type=\"hidden\" name=\"page_title\" value=\"\"><input type=\"hidden\" name=\"page_url\" value=\"https:\/\/darwie.com\/index.php\/wp-json\/wp\/v2\/pages\/2289\"><input type=\"hidden\" name=\"url_referer\" value=\"\"><button type=\"submit\" name=\"wpforms[submit]\" id=\"wpforms-submit-2044\" class=\"wpforms-submit\" data-alt-text=\"Envoi de la demande...\" data-submit-text=\"\u00catre recontact\u00e9 par Darwie\" aria-live=\"assertive\" value=\"wpforms-submit\">\u00catre recontact\u00e9 par Darwie<\/button><img decoding=\"async\" src=\"https:\/\/darwie.com\/wp-content\/plugins\/wpforms-lite\/assets\/images\/submit-spin.svg\" class=\"wpforms-submit-spinner\" style=\"display: none;\" width=\"26\" height=\"26\" alt=\"Chargement en cours\"><\/div><\/form><\/div>  <!-- .wpforms-container -->\t\t\t\t<\/div>\n\t\t\t\t<\/div>\n\t\t\t\t<div class=\"elementor-element elementor-element-d945593 elementor-widget-divider--view-line elementor-widget elementor-widget-divider\" data-id=\"d945593\" data-element_type=\"widget\" data-e-type=\"widget\" data-widget_type=\"divider.default\">\n\t\t\t\t<div class=\"elementor-widget-container\">\n\t\t\t\t\t\t\t<div class=\"elementor-divider\">\n\t\t\t<span class=\"elementor-divider-separator\">\n\t\t\t\t\t\t<\/span>\n\t\t<\/div>\n\t\t\t\t\t\t<\/div>\n\t\t\t\t<\/div>\n\t\t\t\t<div class=\"elementor-element elementor-element-7062bdb elementor-align-center elementor-widget elementor-widget-button\" data-id=\"7062bdb\" data-element_type=\"widget\" data-e-type=\"widget\" data-widget_type=\"button.default\">\n\t\t\t\t<div class=\"elementor-widget-container\">\n\t\t\t\t\t\t\t\t\t<div class=\"elementor-button-wrapper\">\n\t\t\t\t\t<a class=\"elementor-button elementor-button-link elementor-size-sm\" href=\"https:\/\/darwie.com\/\">\n\t\t\t\t\t\t<span class=\"elementor-button-content-wrapper\">\n\t\t\t\t\t\t<span class=\"elementor-button-icon\">\n\t\t\t\t<svg aria-hidden=\"true\" class=\"e-font-icon-svg e-fas-home\" viewBox=\"0 0 576 512\" xmlns=\"http:\/\/www.w3.org\/2000\/svg\"><path d=\"M280.37 148.26L96 300.11V464a16 16 0 0 0 16 16l112.06-.29a16 16 0 0 0 15.92-16V368a16 16 0 0 1 16-16h64a16 16 0 0 1 16 16v95.64a16 16 0 0 0 16 16.05L464 480a16 16 0 0 0 16-16V300L295.67 148.26a12.19 12.19 0 0 0-15.3 0zM571.6 251.47L488 182.56V44.05a12 12 0 0 0-12-12h-56a12 12 0 0 0-12 12v72.61L318.47 43a48 48 0 0 0-61 0L4.34 251.47a12 12 0 0 0-1.6 16.9l25.5 31A12 12 0 0 0 45.15 301l235.22-193.74a12.19 12.19 0 0 1 15.3 0L530.9 301a12 12 0 0 0 16.9-1.6l25.5-31a12 12 0 0 0-1.7-16.93z\"><\/path><\/svg>\t\t\t<\/span>\n\t\t\t\t\t\t\t\t\t<span class=\"elementor-button-text\">Retour  \u00e0 la page principale<\/span>\n\t\t\t\t\t<\/span>\n\t\t\t\t\t<\/a>\n\t\t\t\t<\/div>\n\t\t\t\t\t\t\t\t<\/div>\n\t\t\t\t<\/div>\n\t\t\t\t\t<\/div>\n\t\t\t\t<\/div>\n\t\t\t\t<\/div>\n\t\t","protected":false},"excerpt":{"rendered":"<p>Parlons de votre projet et faisons-le avancer Dites-nous en un peu plus sur vous et vos besoins. Nous vous r\u00e9pondrons [&hellip;]<\/p>\n","protected":false},"author":1,"featured_media":0,"parent":0,"menu_order":0,"comment_status":"closed","ping_status":"closed","template":"","meta":{"om_disable_all_campaigns":false,"_monsterinsights_skip_tracking":false,"_monsterinsights_sitenote_active":false,"_monsterinsights_sitenote_note":"","_monsterinsights_sitenote_category":0,"site-sidebar-layout":"no-sidebar","site-content-layout":"","ast-site-content-layout":"full-width-container","site-content-style":"default","site-sidebar-style":"default","ast-global-header-display":"","ast-banner-title-visibility":"","ast-main-header-display":"","ast-hfb-above-header-display":"","ast-hfb-below-header-display":"","ast-hfb-mobile-header-display":"","site-post-title":"disabled","ast-breadcrumbs-content":"","ast-featured-img":"disabled","footer-sml-layout":"","ast-disable-related-posts":"","theme-transparent-header-meta":"","adv-header-id-meta":"","stick-header-meta":"","header-above-stick-meta":"","header-main-stick-meta":"","header-below-stick-meta":"","astra-migrate-meta-layouts":"default","ast-page-background-enabled":"default","ast-page-background-meta":{"desktop":{"background-color":"var(--ast-global-color-4)","background-image":"","background-repeat":"repeat","background-position":"center center","background-size":"auto","background-attachment":"scroll","background-type":"","background-media":"","overlay-type":"","overlay-color":"","overlay-opacity":"","overlay-gradient":""},"tablet":{"background-color":"","background-image":"","background-repeat":"repeat","background-position":"center center","background-size":"auto","background-attachment":"scroll","background-type":"","background-media":"","overlay-type":"","overlay-color":"","overlay-opacity":"","overlay-gradient":""},"mobile":{"background-color":"","background-image":"","background-repeat":"repeat","background-position":"center center","background-size":"auto","background-attachment":"scroll","background-type":"","background-media":"","overlay-type":"","overlay-color":"","overlay-opacity":"","overlay-gradient":""}},"ast-content-background-meta":{"desktop":{"background-color":"var(--ast-global-color-5)","background-image":"","background-repeat":"repeat","background-position":"center center","background-size":"auto","background-attachment":"scroll","background-type":"","background-media":"","overlay-type":"","overlay-color":"","overlay-opacity":"","overlay-gradient":""},"tablet":{"background-color":"var(--ast-global-color-5)","background-image":"","background-repeat":"repeat","background-position":"center center","background-size":"auto","background-attachment":"scroll","background-type":"","background-media":"","overlay-type":"","overlay-color":"","overlay-opacity":"","overlay-gradient":""},"mobile":{"background-color":"var(--ast-global-color-5)","background-image":"","background-repeat":"repeat","background-position":"center center","background-size":"auto","background-attachment":"scroll","background-type":"","background-media":"","overlay-type":"","overlay-color":"","overlay-opacity":"","overlay-gradient":""}},"footnotes":""},"class_list":["post-2289","page","type-page","status-publish","hentry"],"yoast_head":"<!-- This site is optimized with the Yoast SEO plugin v27.4 - https:\/\/yoast.com\/product\/yoast-seo-wordpress\/ -->\n<title>\u00c9co conception &amp; \u00e9conomie circulaire \u2013 Contactez Darwie<\/title>\n<meta name=\"description\" content=\"Contactez Darwie pour int\u00e9grer l\u2019\u00e9co-conception et l\u2019\u00e9conomie circulaire. Formations, plateforme et conseil strat\u00e9gique.\" \/>\n<meta name=\"robots\" content=\"index, follow, max-snippet:-1, max-image-preview:large, max-video-preview:-1\" \/>\n<link rel=\"canonical\" href=\"https:\/\/darwie.com\/index.php\/contact-darwie\/\" \/>\n<meta property=\"og:locale\" content=\"fr_FR\" \/>\n<meta property=\"og:type\" content=\"article\" \/>\n<meta property=\"og:title\" content=\"\u00c9co conception &amp; \u00e9conomie circulaire \u2013 Contactez Darwie\" \/>\n<meta property=\"og:description\" content=\"Contactez Darwie pour int\u00e9grer l\u2019\u00e9co-conception et l\u2019\u00e9conomie circulaire. Formations, plateforme et conseil strat\u00e9gique.\" \/>\n<meta property=\"og:url\" content=\"https:\/\/darwie.com\/index.php\/contact-darwie\/\" \/>\n<meta property=\"og:site_name\" content=\"DARWIE\" \/>\n<meta property=\"article:modified_time\" content=\"2025-09-23T10:14:56+00:00\" \/>\n<meta property=\"og:image\" content=\"https:\/\/darwie.com\/wp-content\/plugins\/wpforms-lite\/assets\/images\/submit-spin.svg\" \/>\n<meta name=\"twitter:card\" content=\"summary_large_image\" \/>\n<meta name=\"twitter:label1\" content=\"Dur\u00e9e de lecture estim\u00e9e\" \/>\n\t<meta name=\"twitter:data1\" content=\"1 minute\" \/>\n<script type=\"application\/ld+json\" class=\"yoast-schema-graph\">{\"@context\":\"https:\\\/\\\/schema.org\",\"@graph\":[{\"@type\":\"WebPage\",\"@id\":\"https:\\\/\\\/darwie.com\\\/index.php\\\/contact-darwie\\\/\",\"url\":\"https:\\\/\\\/darwie.com\\\/index.php\\\/contact-darwie\\\/\",\"name\":\"\u00c9co conception & \u00e9conomie circulaire \u2013 Contactez Darwie\",\"isPartOf\":{\"@id\":\"https:\\\/\\\/darwie.com\\\/#website\"},\"primaryImageOfPage\":{\"@id\":\"https:\\\/\\\/darwie.com\\\/index.php\\\/contact-darwie\\\/#primaryimage\"},\"image\":{\"@id\":\"https:\\\/\\\/darwie.com\\\/index.php\\\/contact-darwie\\\/#primaryimage\"},\"thumbnailUrl\":\"https:\\\/\\\/darwie.com\\\/wp-content\\\/plugins\\\/wpforms-lite\\\/assets\\\/images\\\/submit-spin.svg\",\"datePublished\":\"2025-08-26T14:43:52+00:00\",\"dateModified\":\"2025-09-23T10:14:56+00:00\",\"description\":\"Contactez Darwie pour int\u00e9grer l\u2019\u00e9co-conception et l\u2019\u00e9conomie circulaire. Formations, plateforme et conseil strat\u00e9gique.\",\"breadcrumb\":{\"@id\":\"https:\\\/\\\/darwie.com\\\/index.php\\\/contact-darwie\\\/#breadcrumb\"},\"inLanguage\":\"fr-FR\",\"potentialAction\":[{\"@type\":\"ReadAction\",\"target\":[\"https:\\\/\\\/darwie.com\\\/index.php\\\/contact-darwie\\\/\"]}]},{\"@type\":\"ImageObject\",\"inLanguage\":\"fr-FR\",\"@id\":\"https:\\\/\\\/darwie.com\\\/index.php\\\/contact-darwie\\\/#primaryimage\",\"url\":\"https:\\\/\\\/darwie.com\\\/wp-content\\\/plugins\\\/wpforms-lite\\\/assets\\\/images\\\/submit-spin.svg\",\"contentUrl\":\"https:\\\/\\\/darwie.com\\\/wp-content\\\/plugins\\\/wpforms-lite\\\/assets\\\/images\\\/submit-spin.svg\"},{\"@type\":\"BreadcrumbList\",\"@id\":\"https:\\\/\\\/darwie.com\\\/index.php\\\/contact-darwie\\\/#breadcrumb\",\"itemListElement\":[{\"@type\":\"ListItem\",\"position\":1,\"name\":\"Accueil\",\"item\":\"https:\\\/\\\/darwie.com\\\/\"},{\"@type\":\"ListItem\",\"position\":2,\"name\":\"contact\"}]},{\"@type\":\"WebSite\",\"@id\":\"https:\\\/\\\/darwie.com\\\/#website\",\"url\":\"https:\\\/\\\/darwie.com\\\/\",\"name\":\"DARWIE\",\"description\":\"l&#039;\u00e9co conception, simplement.\",\"publisher\":{\"@id\":\"https:\\\/\\\/darwie.com\\\/#organization\"},\"potentialAction\":[{\"@type\":\"SearchAction\",\"target\":{\"@type\":\"EntryPoint\",\"urlTemplate\":\"https:\\\/\\\/darwie.com\\\/?s={search_term_string}\"},\"query-input\":{\"@type\":\"PropertyValueSpecification\",\"valueRequired\":true,\"valueName\":\"search_term_string\"}}],\"inLanguage\":\"fr-FR\"},{\"@type\":\"Organization\",\"@id\":\"https:\\\/\\\/darwie.com\\\/#organization\",\"name\":\"DARWIE\",\"url\":\"https:\\\/\\\/darwie.com\\\/\",\"logo\":{\"@type\":\"ImageObject\",\"inLanguage\":\"fr-FR\",\"@id\":\"https:\\\/\\\/darwie.com\\\/#\\\/schema\\\/logo\\\/image\\\/\",\"url\":\"https:\\\/\\\/darwie.com\\\/wp-content\\\/uploads\\\/2024\\\/01\\\/Darwie-logo.png\",\"contentUrl\":\"https:\\\/\\\/darwie.com\\\/wp-content\\\/uploads\\\/2024\\\/01\\\/Darwie-logo.png\",\"width\":1080,\"height\":1080,\"caption\":\"DARWIE\"},\"image\":{\"@id\":\"https:\\\/\\\/darwie.com\\\/#\\\/schema\\\/logo\\\/image\\\/\"},\"sameAs\":[\"https:\\\/\\\/www.linkedin.com\\\/company\\\/darwie-circular-design\\\/\"]}]}<\/script>\n<!-- \/ Yoast SEO plugin. -->","yoast_head_json":{"title":"\u00c9co conception & \u00e9conomie circulaire \u2013 Contactez Darwie","description":"Contactez Darwie pour int\u00e9grer l\u2019\u00e9co-conception et l\u2019\u00e9conomie circulaire. Formations, plateforme et conseil strat\u00e9gique.","robots":{"index":"index","follow":"follow","max-snippet":"max-snippet:-1","max-image-preview":"max-image-preview:large","max-video-preview":"max-video-preview:-1"},"canonical":"https:\/\/darwie.com\/index.php\/contact-darwie\/","og_locale":"fr_FR","og_type":"article","og_title":"\u00c9co conception & \u00e9conomie circulaire \u2013 Contactez Darwie","og_description":"Contactez Darwie pour int\u00e9grer l\u2019\u00e9co-conception et l\u2019\u00e9conomie circulaire. Formations, plateforme et conseil strat\u00e9gique.","og_url":"https:\/\/darwie.com\/index.php\/contact-darwie\/","og_site_name":"DARWIE","article_modified_time":"2025-09-23T10:14:56+00:00","og_image":[{"url":"https:\/\/darwie.com\/wp-content\/plugins\/wpforms-lite\/assets\/images\/submit-spin.svg","type":"","width":"","height":""}],"twitter_card":"summary_large_image","twitter_misc":{"Dur\u00e9e de lecture estim\u00e9e":"1 minute"},"schema":{"@context":"https:\/\/schema.org","@graph":[{"@type":"WebPage","@id":"https:\/\/darwie.com\/index.php\/contact-darwie\/","url":"https:\/\/darwie.com\/index.php\/contact-darwie\/","name":"\u00c9co conception & \u00e9conomie circulaire \u2013 Contactez Darwie","isPartOf":{"@id":"https:\/\/darwie.com\/#website"},"primaryImageOfPage":{"@id":"https:\/\/darwie.com\/index.php\/contact-darwie\/#primaryimage"},"image":{"@id":"https:\/\/darwie.com\/index.php\/contact-darwie\/#primaryimage"},"thumbnailUrl":"https:\/\/darwie.com\/wp-content\/plugins\/wpforms-lite\/assets\/images\/submit-spin.svg","datePublished":"2025-08-26T14:43:52+00:00","dateModified":"2025-09-23T10:14:56+00:00","description":"Contactez Darwie pour int\u00e9grer l\u2019\u00e9co-conception et l\u2019\u00e9conomie circulaire. Formations, plateforme et conseil strat\u00e9gique.","breadcrumb":{"@id":"https:\/\/darwie.com\/index.php\/contact-darwie\/#breadcrumb"},"inLanguage":"fr-FR","potentialAction":[{"@type":"ReadAction","target":["https:\/\/darwie.com\/index.php\/contact-darwie\/"]}]},{"@type":"ImageObject","inLanguage":"fr-FR","@id":"https:\/\/darwie.com\/index.php\/contact-darwie\/#primaryimage","url":"https:\/\/darwie.com\/wp-content\/plugins\/wpforms-lite\/assets\/images\/submit-spin.svg","contentUrl":"https:\/\/darwie.com\/wp-content\/plugins\/wpforms-lite\/assets\/images\/submit-spin.svg"},{"@type":"BreadcrumbList","@id":"https:\/\/darwie.com\/index.php\/contact-darwie\/#breadcrumb","itemListElement":[{"@type":"ListItem","position":1,"name":"Accueil","item":"https:\/\/darwie.com\/"},{"@type":"ListItem","position":2,"name":"contact"}]},{"@type":"WebSite","@id":"https:\/\/darwie.com\/#website","url":"https:\/\/darwie.com\/","name":"DARWIE","description":"l&#039;\u00e9co conception, simplement.","publisher":{"@id":"https:\/\/darwie.com\/#organization"},"potentialAction":[{"@type":"SearchAction","target":{"@type":"EntryPoint","urlTemplate":"https:\/\/darwie.com\/?s={search_term_string}"},"query-input":{"@type":"PropertyValueSpecification","valueRequired":true,"valueName":"search_term_string"}}],"inLanguage":"fr-FR"},{"@type":"Organization","@id":"https:\/\/darwie.com\/#organization","name":"DARWIE","url":"https:\/\/darwie.com\/","logo":{"@type":"ImageObject","inLanguage":"fr-FR","@id":"https:\/\/darwie.com\/#\/schema\/logo\/image\/","url":"https:\/\/darwie.com\/wp-content\/uploads\/2024\/01\/Darwie-logo.png","contentUrl":"https:\/\/darwie.com\/wp-content\/uploads\/2024\/01\/Darwie-logo.png","width":1080,"height":1080,"caption":"DARWIE"},"image":{"@id":"https:\/\/darwie.com\/#\/schema\/logo\/image\/"},"sameAs":["https:\/\/www.linkedin.com\/company\/darwie-circular-design\/"]}]}},"_links":{"self":[{"href":"https:\/\/darwie.com\/index.php\/wp-json\/wp\/v2\/pages\/2289","targetHints":{"allow":["GET"]}}],"collection":[{"href":"https:\/\/darwie.com\/index.php\/wp-json\/wp\/v2\/pages"}],"about":[{"href":"https:\/\/darwie.com\/index.php\/wp-json\/wp\/v2\/types\/page"}],"author":[{"embeddable":true,"href":"https:\/\/darwie.com\/index.php\/wp-json\/wp\/v2\/users\/1"}],"replies":[{"embeddable":true,"href":"https:\/\/darwie.com\/index.php\/wp-json\/wp\/v2\/comments?post=2289"}],"version-history":[{"count":19,"href":"https:\/\/darwie.com\/index.php\/wp-json\/wp\/v2\/pages\/2289\/revisions"}],"predecessor-version":[{"id":2564,"href":"https:\/\/darwie.com\/index.php\/wp-json\/wp\/v2\/pages\/2289\/revisions\/2564"}],"wp:attachment":[{"href":"https:\/\/darwie.com\/index.php\/wp-json\/wp\/v2\/media?parent=2289"}],"curies":[{"name":"wp","href":"https:\/\/api.w.org\/{rel}","templated":true}]}}